82 = 3*t. Is t prime?
True
Let u(q) be the third derivative of 7*q**6/360 - q**4/4 + 17*q**3/3 - 14*q**2. Let f(z) be the first derivative of u(z). Is f(-2) a composite number?
True
Let y = 56 - 17. Let f = -78 + y. Let b = 1066 + f. Is b a composite number?
True
Is (-458346 + 158)*(-5)/(-4)*(-1)/5 a prime number?
True
Let k be 76/16 - 5/(-20 + 0). Suppose -5*t - 3*s = 11059, 1808 = -2*t - k*s - 2627. Is (t/5)/(-2*1) a prime number?
False
Let m = -92 - -94. Suppose -3*f + 24750 = 3*x, 2*x = -f - m*x + 8265. Suppose -11*o + 6*o = -f. Is o a composite number?
True
Is (-176768307)/(-767) - -2*3/(-39) a composite number?
False
Let h be (-9)/((-63)/62797) - -5. Let y = -6365 + h. Is y prime?
False
Let s(i) = -6*i + 57. Let t be s(8). Is t - -8 - 8 - -8138 prime?
True
Suppose -3*s - 3*f + 15 = 0, -3*f + 15 = -0*s - 4*s. Suppose s = 26*g - 30*g + 5908. Is g a prime number?
False
Suppose z - 5*c + 5 = 7, 2*z - 2*c = -4. Is (15/35)/z*-6349 prime?
True
Let l(r) = 5589*r**2 - 89*r + 99. Is l(7) a composite number?
True
Let j = -242 - -240. Let v(g) = 1122*g**2 + 9*g + 11. Is v(j) a prime number?
True
Suppose 6*z - z + 2*b = -26, -3*z + 3 = -5*b. Let u(f) = f**3 + 4*f**2 - 6*f - 3. Let r be u(z). Suppose 8*t - r*t = -8489. Is t a prime number?
True
Suppose -6*u - 46740 = -139548. Suppose -4*r - 2*r = -u. Is r a prime number?
False
Suppose 12*c - 51 = 33. Suppose c*a - 40438 = 1. Is a a prime number?
False
Suppose 0 = -8*o + 49465 + 49114 + 33557. Is o a composite number?
True
Let o(b) = -13*b**2 - 20*b + 72. Let f(l) = -40*l**2 - 57*l + 217. Let x(g) = 2*f(g) - 7*o(g). Is x(6) prime?
False
Let h(u) = 0*u + 54 - 5*u + 1489. Let v be h(0). Suppose w - v = 5*t, 0*w - w = 2*t - 1543. Is w composite?
False
Suppose -4*h + 5*h = 0. Suppose h = 5*p - 891 - 629. Suppose -n + 1 - p = -l, -l = -3*n - 311. Is l prime?
False
Let k be 10988/(-6) - ((-56)/24)/7. Let l = -792 - k. Is l composite?
False
Let g(m) = 35243*m + 118. Is g(3) composite?
True
Let m(b) = -2*b**3 - 150*b**2 - 129*b - 214. Is m(-91) composite?
False
Let n = 310 + 32. Let a = n - -458. Suppose -4*h + a = 2*r, -4*r + 97 - 686 = -3*h. Is h composite?
False
Suppose 0 = 4*h - 2*i - 2*i - 32, 2*h + 3*i = 6. Let q(r) = -35 + 6*r + 17 + 17. Is q(h) prime?
False
Let s(y) = -501*y**2 + 9*y. Let g be s(1). Let d = 715 + g. Is d composite?
False
Let n(c) = 8*c**3 + c**2 - 3*c + 7. Let x be -3*6/(-9)*(-35)/(-10). Let d be n(x). Suppose -3*k - 5*f + d = 0, -f + 2775 = 3*k + 2*f. Is k composite?
True
Let t be (-6)/(-4)*(-216)/(-81). Suppose t*w + 4*q = 11088, 3*w + 3*q = 4*w - 2752. Is w a prime number?
True
Let u be (-3 + 0)/((-3)/34). Suppose w + u - 36 = 0. Suppose w*h = h + 35. Is h a prime number?
False
Let w(f) = -11*f + 73. Let z be w(6). Suppose -2*s = 3*x - 2 + z, 10 = -s - 4*x. Suppose -4*i - 526 = -2*t + 1752, 5707 = 5*t + s*i. Is t a prime number?
False
Let b(n) = -5*n + 17. Let k be b(2). Suppose -k*z + 26545 = 2822. Is z composite?
False
Suppose 5*r + 389913 = 5*l + 1269853, -2*r + 3*l = -351973. Is r a composite number?
False
Let p(t) = -20*t - 72. Let g be p(0). Is (g/9 - -7) + (5918 - 0) composite?
True
Let o be 3*2*2/(-4 - -8). Suppose 445 = o*b - 1304. Is b a prime number?
False
Let q = -3790 + 4. Let i = -1043 - q. Is i composite?
True
Suppose 2*c + 0*c - 3*b = -601, 4*c + 1227 = b. Let n be 331695/247 - (-4)/38. Let y = n - c. Is y a composite number?
True
Let g be (-864)/(-30) - (-5 + (-48)/(-10)). Let a(f) = 2*f**3 - 33*f**2 + 12*f - 24. Is a(g) prime?
False
Let g(b) = 1271*b**2 + 2*b + 1. Let q be g(-1). Suppose 7*p = 5*p + q. Suppose 12*r - 11*r - p = 0. Is r composite?
True
Is ((-180)/12 - -956)*683 composite?
True
Let p = 89 - 64. Let l = p + -30. Is 5*877*l/(-25) prime?
True
Let k(w) = 88*w**2 + 38*w + 1. Suppose -5*z + 2*s + 33 = 0, 3*z = -5*s - 3 - 2. Suppose -3*i = 4*l - 4*i + 19, -l - z*i - 31 = 0. Is k(l) composite?
True
Suppose -40*i = -42*i + 6. Let y(c) = -3*c**2 + 5*c + 1. Let z be y(i). Is (-82926)/(-198) + (-2)/z composite?
False
Suppose 2*p - 12309 - 8013 = 0. Let l = 15232 - p. Is l a composite number?
True
Let q(m) = 28*m - 12*m + 2*m**3 - 8*m**2 + 7 - 2*m**2 - 22. Is q(13) prime?
True
Let y = -583840 + 828849. Is y composite?
True
Let o(w) = 2*w**2 - 12*w + 21. Let g be o(6). Let p = 928 - g. Let a = 1900 - p. Is a a prime number?
False
Suppose 3*m - 34572 = -3*v + 6*m, -3*v + 34582 = -5*m. Is v composite?
False
Let d(p) = -p**2 - 6*p - 1. Let t be d(-5). Let w(x) = 2*x - 3. Let g be w(t). Suppose 4 = -v - 3*v, -g*v + 298 = s. Is s a composite number?
True
Let z(b) = b**2 + b - 2. Let o be z(1). Suppose -5*m + 2731 + 5044 = o. Suppose -4*w + 4907 - m = 0. Is w a prime number?
False
Suppose 3*q + 7 - 1 = 2*g, -2*g + 6 = 2*q. Suppose a + 5798 = 3*v, -7739 = -4*v - 0*v + g*a. Is v a prime number?
True
Let y(s) = s**3 + 19*s**2 + 18*s - 8. Let o be y(-18). Let t be 21 - 2/(o/4). Suppose 2417 - t = 5*u. Is u prime?
True
Suppose -5*v = 4*d + 149, -4*d - 2*v - 161 = -v. Let u = d - -45. Suppose 206 = -2*l + u*l. Is l a prime number?
True
Suppose -23 = -3*p - 605. Suppose h = 8*h + 1995. Let d = p - h. Is d composite?
True
Let a(h) = 16*h**3 + 14*h**2 - 7*h - 11. Suppose 2*v - 20 = -4*b, -4*v - 51 + 13 = -5*b. Is a(b) a prime number?
True
Suppose -5*s - 17577 = -k, 2*s + 7017 = 5*k - 0*k. Is s/(-2)*10/60 a prime number?
True
Suppose 3651*a - 29860 = 3647*a + 388904. Is a prime?
False
Let y(j) = -9*j**2 + 0 + 10*j**2 + 13*j + 28. Let v be y(-9). Let o(l) = 6*l**2 - 6*l - 50. Is o(v) prime?
False
Suppose -2564 = u + 4*z + 22367, -3*u = -z + 74754. Let t = u - -48056. Is t a composite number?
True
Let j = -32470 - -57909. Is j a prime number?
True
Is -26 + 9 + 3 + 18493 a prime number?
False
Suppose 4*q = -2*n + 412464, 52*q = 54*q + 4*n - 206226. Is q a prime number?
False
Suppose 0 = -g + 13417 + 41536. Is g a prime number?
False
Let w(r) = 69*r**2 - 19*r - 21. Suppose -106 - 15 = -11*a. Is w(a) a prime number?
False
Suppose d + 7*d = 75064. Let k = d + 4260. Is k a prime number?
False
Let j = -153 - -153. Let x(i) = i**3 + 2*i**2 + 3*i + 2321. Is x(j) a composite number?
True
Suppose 56 = 2*l + 6*l. Suppose -88 = l*m - 11. Is (-3286)/(-4) + m/22 composite?
False
Let z(y) = 12*y - 11. Let f be z(-9). Let q = 36938 - f. Is q composite?
False
Is 3699374/49 - (-144)/(-336) a prime number?
False
Let h(q) be the first derivative of -q**4/4 + 3*q**2 + 13*q + 71. Is h(-4) a composite number?
False
Let p be (-1 - (-459)/5)/(42/420). Suppose 417 + p = k. Let r = 2476 - k. Is r a composite number?
False
Suppose -174*t + 177*t = 10659. Suppose -4 = o, 14*a + o - t = 13*a. Is a composite?
False
Let p = -261318 - -654959. Is p prime?
False
Suppose 0 = 12*p - 11*p + 2. Is (-3600)/p + 1/1 prime?
True
Let h = 172221 + -106906. Is h a prime number?
False
Suppose 108 = 99*t - 81*t. Is 3*(t - 8) - -809 a prime number?
False
Suppose -22*s + 21*s = 6. Let a be s - (38/(-19) + (1 - -1)). Is a/(-9)*((-12662)/(-4) - -1) composite?
False
Suppose 0*w - 2*w + 2 = 0. Let y be w/2 + (385/(-14))/(-11). Suppose y*h + 75 = 444. Is h prime?
False
Let y = -40 - -55. Let h = y - 9. Suppose -5*v + 1984 = -3*z, -h*z = 5*v - 2*z - 1963. Is v a prime number?
False
Suppose -137*w - 168864 = -286*w + 117*w. Is w a prime number?
False
Let x(f) = f**2 + 4*f - 653. Let h be x(0). Is (h/3)/(5/(-435)) a prime number?
False
Let s(h) = 750*h**3 - 2*h**2 + 96*h - 473. Is s(10) prime?
True
Let a = -12688 - -36531. Is a a prime number?
False
Let w(l) = -l**3 - 52*l**2 - 113*l - 219. Is w(-65) prime?
False
Let q(x) = 436*x**3 + 347*x**2 - 6*x - 3. Is q(18) a prime number?
False
Let a(w) = 1802*w - 148. Let v be a(17). Suppose 4*s - v = 2*f, 3*s + 5231 = -f + 28093. Is s composite?
False
Let f = 367377 - 217390. Is f prime?
False
Is 3/(9/2)*(-1244988)/(-8) a composite number?
True
Suppose 4*s - 3611008 = -5*q, 4*q + 5*s - 2580160 = 308641. Suppose 13*a - 41*a = -q. Is a composite?
False
Let x(v) = 442*v**2 - 2*v + 1. Let d be x(1). Let r be 1/4 - d/4. Let h = 237 - r. Is h a composite number?
False
Let l be (-122)/(-8) + (-45)/36. Let m be (-64)/20*(l/(-4) + 1). Let v(w) = 58*w**2 + 5*w - 3. Is v(m) a prime number?
False
Suppose 0 = -5*c - 973 + 3708. Let h = 1502 - c. Is h composite?
True
Let s(b) = 1648*b**3 - 4*b**2 - 41*b 